{"id":2,"date":"2025-07-16T20:57:56","date_gmt":"2025-07-16T20:57:56","guid":{"rendered":"https:\/\/bogalarkoyusulamakooperatifi.com\/?page_id=2"},"modified":"2025-07-17T09:50:28","modified_gmt":"2025-07-17T09:50:28","slug":"sample-page","status":"publish","type":"page","link":"https:\/\/bogalarkoyusulamakooperatifi.com\/","title":{"rendered":"Hakk\u0131m\u0131zda"},"content":{"rendered":"\n<p>T<strong>S.S.BO\u011eALAR K\u00d6Y\u00dc SULAMA KOOPERAT\u0130F\u0130<\/strong><\/p>\n\n\n\n<p><strong>KURUMSAL<\/strong><\/p>\n\n\n\n<ol class=\"wp-block-list\">\n<li><strong>Hakk\u0131m\u0131zda<\/strong><\/li>\n<\/ol>\n\n\n\n<p><strong>S.S.Bo\u011falar K\u00f6y\u00fc Sulama Kooperatifi 03.07.2002 tarih ve Bakanl\u0131\u011f\u0131n 252 say\u0131l\u0131 Onay\u0131 ile kurulmu\u015f olup 23.07.2002 tarihinde Tescil ve ilan edilmi\u015ftir<\/strong>.<\/p>\n\n\n\n<p><strong>TEMEL \u0130LKEM\u0130Z :&nbsp; E\u015fitlik, iyi niyet, kar\u015f\u0131l\u0131kl\u0131 sevgi, sayg\u0131 ve d\u00fcr\u00fcstl\u00fckten ge\u00e7mektedir.<\/strong><\/p>\n\n\n\n<p>Daima &#8220;en iyisini&#8221; yapmak, \u00e7al\u0131\u015fma prensibimizdir.<\/p>\n\n\n\n<p><\/p>\n","protected":false},"excerpt":{"rendered":"<p>TS.S.BO\u011eALAR K\u00d6Y\u00dc SULAMA KOOPERAT\u0130F\u0130 KURUMSAL S.S.Bo\u011falar K\u00f6y\u00fc Sulama Kooperatifi 03.07.2002 tarih ve Bakanl\u0131\u011f\u0131n 252 say\u0131l\u0131 Onay\u0131 ile kurulmu\u015f olup 23.07.2002 tarihinde Tescil ve ilan edilmi\u015ftir. TEMEL \u0130LKEM\u0130Z :&nbsp; E\u015fitlik, iyi niyet, kar\u015f\u0131l\u0131kl\u0131 sevgi, sayg\u0131 ve d\u00fcr\u00fcstl\u00fckten ge\u00e7mektedir. Daima &#8220;en iyisini&#8221; yapmak, \u00e7al\u0131\u015fma prensibimizdir.<\/p>\n","protected":false},"author":1,"featured_media":0,"parent":0,"menu_order":0,"comment_status":"closed","ping_status":"open","template":"","meta":{"pagelayer_contact_templates":[],"_pagelayer_content":"","footnotes":""},"class_list":["post-2","page","type-page","status-publish","hentry"],"_links":{"self":[{"href":"https:\/\/bogalarkoyusulamakooperatifi.com\/index.php?rest_route=\/wp\/v2\/pages\/2","targetHints":{"allow":["GET"]}}],"collection":[{"href":"https:\/\/bogalarkoyusulamakooperatifi.com\/index.php?rest_route=\/wp\/v2\/pages"}],"about":[{"href":"https:\/\/bogalarkoyusulamakooperatifi.com\/index.php?rest_route=\/wp\/v2\/types\/page"}],"author":[{"embeddable":true,"href":"https:\/\/bogalarkoyusulamakooperatifi.com\/index.php?rest_route=\/wp\/v2\/users\/1"}],"replies":[{"embeddable":true,"href":"https:\/\/bogalarkoyusulamakooperatifi.com\/index.php?rest_route=%2Fwp%2Fv2%2Fcomments&post=2"}],"version-history":[{"count":2,"href":"https:\/\/bogalarkoyusulamakooperatifi.com\/index.php?rest_route=\/wp\/v2\/pages\/2\/revisions"}],"predecessor-version":[{"id":59,"href":"https:\/\/bogalarkoyusulamakooperatifi.com\/index.php?rest_route=\/wp\/v2\/pages\/2\/revisions\/59"}],"wp:attachment":[{"href":"https:\/\/bogalarkoyusulamakooperatifi.com\/index.php?rest_route=%2Fwp%2Fv2%2Fmedia&parent=2"}],"curies":[{"name":"wp","href":"https:\/\/api.w.org\/{rel}","templated":true}]}}